ivisor of 16383 and 258?
129
What is the greatest common factor of 110 and 120?
10
What is the greatest common factor of 117 and 2847?
39
What is the highest common divisor of 29170 and 10?
10
What is the greatest common divisor of 12 and 1284?
12
Calculate the highest common factor of 504 and 6363.
63
Calculate the greatest common divisor of 144 and 1422.
18
What is the greatest common divisor of 1147 and 1739?
37
Calculate the greatest common factor of 247 and 169.
13
Calculate the highest common factor of 500 and 20.
20
What is the highest common divisor of 96 and 48?
48
Calculate the greatest common factor of 1757 and 7.
7
Calculate the highest common factor of 24 and 372.
12
Calculate the highest common divisor of 144 and 2736.
144
Calculate the greatest common divisor of 18954 and 52.
26
Calculate the greatest common factor of 318 and 20193.
159
Calculate the greatest common divisor of 342 and 190.
38
What is the greatest common divisor of 473 and 22?
11
What is the greatest common divisor of 311 and 79616?
311
Calculate the highest common factor of 68 and 16.
4
What is the greatest common divisor of 38 and 152?
38
Calculate the greatest common factor of 156 and 30108.
156
What is the highest common factor of 6204 and 132?
132
Calculate the highest common divisor of 15411 and 33.
33
What is the greatest common factor of 308 and 3619?
77
Calculate the highest common factor of 136 and 986.
34
Calculate the highest common divisor of 217 and 124.
31
What is the highest common divisor of 424 and 318?
106
What is the greatest common factor of 25 and 20?
5
Calculate the highest common divisor of 7 and 721.
7
Calculate the greatest common factor of 4020 and 201.
201
What is the highest common factor of 663 and 51?
51
Calculate the highest common divisor of 1817 and 230.
23
What is the highest common divisor of 10365 and 30?
15
Calculate the greatest common divisor of 221 and 13.
13
What is the highest common factor of 3858 and 12?
6
Calculate the highest common factor of 280 and 10.
10
Calculate the greatest common factor of 4935 and 105.
105
What is the highest common factor of 19 and 3743?
19
What is the greatest common divisor of 38 and 1216?
38
Calculate the greatest common factor of 17 and 51.
17
Calculate the highest common divisor of 962 and 296.
74
What is the greatest common divisor of 16 and 44?
4
What is the greatest common factor of 12 and 636?
12
Calculate the highest common factor of 115 and 305.
5
What is the greatest common factor of 5 and 137?
1
What is the highest common factor of 36 and 908?
4
What is the greatest common divisor of 1248 and 390?
78
What is the greatest common divisor of 42 and 42?
42
Calculate the greatest common divisor of 5 and 100.
5
What is the highest common divisor of 72 and 81?
9
What is the highest common factor of 36 and 3006?
18
What is the highest common divisor of 25 and 1775?
25
Calculate the highest common factor of 32 and 1568.
32
Calculate the highest common divisor of 32 and 2848.
32
Calculate the highest common factor of 319 and 6931.
29
Calculate the greatest common divisor of 273 and 84.
21
What is the highest common factor of 280 and 1460?
20
What is the highest common factor of 99 and 55?
11
What is the greatest common divisor of 7 and 259?
7
What is the highest common factor of 16038 and 198?
198
What is the highest common divisor of 87466 and 202?
202
What is the highest common factor of 2 and 98?
2
Calculate the highest common divisor of 6327 and 114.
57
What is the greatest common divisor of 918 and 34?
34
Calculate the greatest common factor of 2009 and 49.
49
Calculate the greatest common divisor of 7 and 1701.
7
What is the greatest common factor of 213 and 213?
213
Calculate the highest common factor of 1458 and 9.
9
What is the highest common factor of 510 and 1326?
102
What is the greatest common divisor of 25 and 175?
25
Calculate the greatest common factor of 88 and 660.
44
What is the highest common divisor of 123 and 13407?
123
Calculate the highest common divisor of 27 and 783.
27
What is the greatest common factor of 126 and 168?
42
Calculate the greatest common divisor of 375 and 1625.
125
Calculate the greatest common divisor of 756 and 84.
84
Calculate the highest common divisor of 14 and 126.
14
What is the greatest common divisor of 14 and 50?
2
What is the highest common factor of 470 and 52?
2
Calculate the greatest common factor of 208 and 112.
16
What is the highest common divisor of 1288 and 276?
92
What is the highest common factor of 106 and 2385?
53
What is the greatest common divisor of 18 and 1467?
9
What is the highest common factor of 197 and 12017?
197
Calculate the greatest common factor of 77 and 22.
11
What is the highest common factor of 82 and 1394?
82
What is the highest common factor of 637 and 63?
7
Calculate the highest common divisor of 16 and 8.
8
What is the greatest common divisor of 341 and 496?
31
What is the highest common divisor of 493 and 34?
17
What is the greatest common divisor of 13578 and 155?
31
Calculate the highest common divisor of 63 and 1008.
63
What is the highest common divisor of 115 and 3013?
23
What is the highest common factor of 5 and 995?
5
What is the greatest common divisor of 117 and 15327?
117
What is the greatest common factor of 399 and 1824?
57
What is the highest common factor of 612 and 255?
51
What is the highest common divisor of 640 and 500?
20
Calculate the greatest common divisor of 4 and 35996.
4
Calculate the greatest common factor of 6187 and 23.
23
What is the greatest common factor of 30 and 345?
15
Calculate the highest common factor of 693 and 891.
99
What is the greatest common factor of 406 and 14?
14
Calculate the greatest common factor of 9 and 1017.
9
Calculate the highest common factor of 138 and 46.
46
Calculate the greatest common factor of 312 and 260.
52
What is the highest common factor of 182 and 637?
91
What is the highest common divisor of 5390 and 220?
110
What is the greatest common factor of 1 and 4?
1
Calculate the greatest common factor of 2132 and 492.
164
What is the greatest common divisor of 64 and 236?
4
Calculate the greatest common factor of 26 and 38584.
26
What is the greatest common divisor of 3 and 49?
1
Calculate the greatest common factor of 24 and 12.
12
Calculate the highest common factor of 38 and 258.
2
What is the greatest common divisor of 1020 and 120?
60
Calculate the greatest common divisor of 154 and 210.
14
Calculate the highest common factor of 8 and 872.
8
What is the greatest common divisor of 70 and 320?
10
Calculate the greatest common factor of 451 and 738.
41
What is the highest common factor of 121 and 33?
11
Calculate the greatest common divisor of 4 and 26348.
4
Calculate the greatest common divisor of 49 and 28.
7
What is the highest common divisor of 118 and 2065?
59
Calculate the highest common divisor of 305 and 5.
5
Calculate the highest common divisor of 80 and 340.
20
What is the greatest common factor of 306 and 24?
6
What is the highest common divisor of 55 and 4455?
55
Calculate the greatest common divisor of 192 and 12.
12
What is the highest common divisor of 54 and 2?
2
Calculate the greatest common divisor of 126 and 7686.
126
Calculate the greatest common factor of 78 and 2847.
39
What is the greatest common divisor of 989 and 23?
23
Calculate the greatest common divisor of 1072 and 96.
16
What is the highest common factor of 20 and 8?
4
Calculate the highest common factor of 34 and 544.
34
Calculate the greatest common factor of 836 and 506.
22
Calculate the highest common divisor of 121 and 77.
11
Calculate the highest common divisor of 850 and 2754.
34
What is the highest common divisor of 25283 and 131?
131
What is the highest common divisor of 20905 and 370?
185
What is the greatest common divisor of 4510 and 88?
22
What is the greatest common factor of 40 and 360?
40
Calculate the greatest common divisor of 96 and 1104.
48
Calculate the highest common divisor of 124 and 4.
4
Calculate the greatest common divisor of 15696 and 144.
144
Calculate the highest common factor of 13 and 832.
13
What is the greatest common divisor of 12 and 22332?
12
Calculate the highest common factor of 38 and 3762.
38
Calculate the highest co